{"id":19,"date":"2017-09-19T16:20:26","date_gmt":"2017-09-19T14:20:26","guid":{"rendered":"https:\/\/grundschulezschortau.de\/wordpress\/?page_id=19"},"modified":"2026-08-27T15:13:29","modified_gmt":"2026-08-27T13:13:29","slug":"home","status":"publish","type":"page","link":"https:\/\/grundschule-zschortau.de\/","title":{"rendered":"Aktuelles"},"content":{"rendered":"\n<p class=\"has-text-color has-link-color has-large-font-size wp-elements-95ce098d8dea9aad6b2bc4b904b31a5a\" style=\"color:#097528a3\"><strong>Herzlich willkommen in der Grundschule Zschortau<\/strong>!<\/p>\n\n\n\n<hr class=\"wp-block-separator has-alpha-channel-opacity\"\/>\n\n\n\n<p class=\"has-text-color has-link-color has-medium-font-size wp-elements-4d91fd478bc508fed25b8c17de4adf39\" style=\"color:#9b4c4c\">Ein neues Schuljahr beginnt &#8211; das sind unsere Klassen:<\/p>\n\n\n\n<p class=\"has-blue-color has-text-color has-link-color has-medium-font-size wp-elements-efbebf0de4b4625d123711713d536aaf\">Klasse 1:<\/p>\n\n\n\n<p><\/p>\n\n\n\n<p><\/p>\n\n\n\n<p><\/p>\n\n\n\n<p class=\"has-text-color has-link-color has-medium-font-size wp-elements-85a3c81f59fe52fd6e0827ba0e3f8347\" style=\"color:#f90b0b\">Klasse 2: <\/p>\n\n\n\n<figure class=\"wp-block-image size-large\"><img loading=\"lazy\" decoding=\"async\" width=\"1024\" height=\"683\" src=\"https:\/\/grundschule-zschortau.de\/wp-content\/uploads\/2026\/08\/IMG_2864-1024x683.jpg\" alt=\"\" class=\"wp-image-9819\" srcset=\"https:\/\/grundschule-zschortau.de\/wp-content\/uploads\/2026\/08\/IMG_2864-1024x683.jpg 1024w, https:\/\/grundschule-zschortau.de\/wp-content\/uploads\/2026\/08\/IMG_2864-300x200.jpg 300w, https:\/\/grundschule-zschortau.de\/wp-content\/uploads\/2026\/08\/IMG_2864-768x512.jpg 768w, https:\/\/grundschule-zschortau.de\/wp-content\/uploads\/2026\/08\/IMG_2864-1536x1024.jpg 1536w, https:\/\/grundschule-zschortau.de\/wp-content\/uploads\/2026\/08\/IMG_2864-2048x1365.jpg 2048w, https:\/\/grundschule-zschortau.de\/wp-content\/uploads\/2026\/08\/IMG_2864-450x300.jpg 450w\" sizes=\"(max-width: 1024px) 100vw, 1024px\" \/><\/figure>\n\n\n\n<p><\/p>\n\n\n\n<p class=\"has-text-color has-link-color has-medium-font-size wp-elements-f3ca534d6fc1690a1f037be983101708\" style=\"color:#54cd54\">Klasse 3:<\/p>\n\n\n\n<figure class=\"wp-block-image size-large\"><img loading=\"lazy\" decoding=\"async\" width=\"1024\" height=\"683\" src=\"https:\/\/grundschule-zschortau.de\/wp-content\/uploads\/2026\/08\/IMG_2860-1-1024x683.jpg\" alt=\"\" class=\"wp-image-9843\" srcset=\"https:\/\/grundschule-zschortau.de\/wp-content\/uploads\/2026\/08\/IMG_2860-1-1024x683.jpg 1024w, https:\/\/grundschule-zschortau.de\/wp-content\/uploads\/2026\/08\/IMG_2860-1-300x200.jpg 300w, https:\/\/grundschule-zschortau.de\/wp-content\/uploads\/2026\/08\/IMG_2860-1-768x512.jpg 768w, https:\/\/grundschule-zschortau.de\/wp-content\/uploads\/2026\/08\/IMG_2860-1-1536x1024.jpg 1536w, https:\/\/grundschule-zschortau.de\/wp-content\/uploads\/2026\/08\/IMG_2860-1-2048x1365.jpg 2048w, https:\/\/grundschule-zschortau.de\/wp-content\/uploads\/2026\/08\/IMG_2860-1-450x300.jpg 450w\" sizes=\"(max-width: 1024px) 100vw, 1024px\" \/><\/figure>\n\n\n\n<p><\/p>\n\n\n\n<p class=\"has-text-color has-link-color has-medium-font-size wp-elements-4c4a45275d482f3ffb22d013f6615eb8\" style=\"color:#e2ee30\">Klasse 4:<\/p>\n\n\n\n<figure class=\"wp-block-gallery has-nested-images columns-default is-cropped wp-block-gallery-1 is-layout-flex wp-block-gallery-is-layout-flex\">\n<figure class=\"wp-block-image size-large\"><img loading=\"lazy\" decoding=\"async\" width=\"1024\" height=\"683\" data-id=\"9831\" src=\"https:\/\/grundschule-zschortau.de\/wp-content\/uploads\/2026\/08\/IMG_2854-1-1024x683.jpg\" alt=\"\" class=\"wp-image-9831\" srcset=\"https:\/\/grundschule-zschortau.de\/wp-content\/uploads\/2026\/08\/IMG_2854-1-1024x683.jpg 1024w, https:\/\/grundschule-zschortau.de\/wp-content\/uploads\/2026\/08\/IMG_2854-1-300x200.jpg 300w, https:\/\/grundschule-zschortau.de\/wp-content\/uploads\/2026\/08\/IMG_2854-1-768x512.jpg 768w, https:\/\/grundschule-zschortau.de\/wp-content\/uploads\/2026\/08\/IMG_2854-1-1536x1024.jpg 1536w, https:\/\/grundschule-zschortau.de\/wp-content\/uploads\/2026\/08\/IMG_2854-1-2048x1365.jpg 2048w, https:\/\/grundschule-zschortau.de\/wp-content\/uploads\/2026\/08\/IMG_2854-1-450x300.jpg 450w\" sizes=\"(max-width: 1024px) 100vw, 1024px\" \/><\/figure>\n<\/figure>\n\n\n\n<p class=\"has-black-color has-text-color has-link-color wp-elements-2cc6b33fa5b651e80ba735e5dc58bff5\"><br>Die <strong>Schuleinf\u00fchrung <\/strong>der neuen 1. Klasse fand bei herrlichem Sonnenschein und mit viel Publikum statt. Wir begr\u00fc\u00dfen alle Neuank\u00f6mmlinge. Herzlich Willkommen an der Grundschule Zschortau! Vielen Dank an alle Kinder, welche beim Programm mitgemacht haben! <\/p>\n\n\n\n<hr class=\"wp-block-separator has-alpha-channel-opacity\"\/>\n\n\n\n<p>: <img loading=\"lazy\" decoding=\"async\" class=\"alignnone size-medium wp-image-8266\" src=\"https:\/\/grundschule-zschortau.de\/wp-content\/uploads\/2024\/08\/Sekretariat-gedreht-300x225.jpg\" alt=\"\" width=\"300\" height=\"225\" srcset=\"https:\/\/grundschule-zschortau.de\/wp-content\/uploads\/2024\/08\/Sekretariat-gedreht-300x225.jpg 300w, https:\/\/grundschule-zschortau.de\/wp-content\/uploads\/2024\/08\/Sekretariat-gedreht-1024x768.jpg 1024w, https:\/\/grundschule-zschortau.de\/wp-content\/uploads\/2024\/08\/Sekretariat-gedreht-768x576.jpg 768w, https:\/\/grundschule-zschortau.de\/wp-content\/uploads\/2024\/08\/Sekretariat-gedreht-1536x1152.jpg 1536w, https:\/\/grundschule-zschortau.de\/wp-content\/uploads\/2024\/08\/Sekretariat-gedreht-2048x1536.jpg 2048w, https:\/\/grundschule-zschortau.de\/wp-content\/uploads\/2024\/08\/Sekretariat-gedreht-400x300.jpg 400w\" sizes=\"(max-width: 300px) 100vw, 300px\" \/><\/p>\n\n\n\n<p><strong><span style=\"font-size: 18pt; color: #ff6600;\">HORTINFORMATI<\/span><span style=\"color: #ff6600;\"><span style=\"font-size: 18pt;\">ONEN<\/span>:<\/span><\/strong><\/p>\n\n\n\n<p><span style=\"font-size: 14pt; color: #ff0000;\"><strong>1. Schlie\u00dftage 2025<\/strong><\/span> &#8211; <strong>An folgenden Tagen findet keine Hortbetreuung statt:<\/strong>&nbsp;<\/p>\n\n\n\n<p><\/p>\n\n\n\n<ul class=\"wp-block-list\">\n<li><mark style=\"background-color:rgba(0, 0, 0, 0)\" class=\"has-inline-color has-blue-color\">Montag, den 29.09.2025<\/mark> p\u00e4dagogischer Tag <\/li>\n\n\n\n<li><mark style=\"background-color:rgba(0, 0, 0, 0)\" class=\"has-inline-color has-blue-color\">Schlie\u00dfzeit zwischen Weihnachten und Neujahr 24.12.2025 &#8211; 02.01.2026<\/mark><\/li>\n<\/ul>\n\n\n\n<p>Ihre Hortleitung L.Gertig (Stand 01.09.25)<\/p>\n\n\n\n<p><\/p>\n","protected":false},"excerpt":{"rendered":"<p>Herzlich willkommen in der Grundschule Zschortau! Ein neues Schuljahr beginnt &#8211; das sind unsere Klassen: Klasse 1: Klasse 2: Klasse 3: Klasse 4: Die Schuleinf\u00fchrung der neuen 1. Klasse fand bei herrlichem Sonnenschein und mit viel Publikum statt. Wir begr\u00fc\u00dfen &hellip; <a href=\"https:\/\/grundschule-zschortau.de\/\">Weiterlesen <span class=\"meta-nav\">&rarr;<\/span><\/a><\/p>\n","protected":false},"author":1,"featured_media":0,"parent":0,"menu_order":0,"comment_status":"closed","ping_status":"closed","template":"","meta":{"ngg_post_thumbnail":0,"footnotes":""},"class_list":["post-19","page","type-page","status-publish","hentry"],"_links":{"self":[{"href":"https:\/\/grundschule-zschortau.de\/index.php?rest_route=\/wp\/v2\/pages\/19"}],"collection":[{"href":"https:\/\/grundschule-zschortau.de\/index.php?rest_route=\/wp\/v2\/pages"}],"about":[{"href":"https:\/\/grundschule-zschortau.de\/index.php?rest_route=\/wp\/v2\/types\/page"}],"author":[{"embeddable":true,"href":"https:\/\/grundschule-zschortau.de\/index.php?rest_route=\/wp\/v2\/users\/1"}],"replies":[{"embeddable":true,"href":"https:\/\/grundschule-zschortau.de\/index.php?rest_route=%2Fwp%2Fv2%2Fcomments&post=19"}],"version-history":[{"count":384,"href":"https:\/\/grundschule-zschortau.de\/index.php?rest_route=\/wp\/v2\/pages\/19\/revisions"}],"predecessor-version":[{"id":9845,"href":"https:\/\/grundschule-zschortau.de\/index.php?rest_route=\/wp\/v2\/pages\/19\/revisions\/9845"}],"wp:attachment":[{"href":"https:\/\/grundschule-zschortau.de\/index.php?rest_route=%2Fwp%2Fv2%2Fmedia&parent=19"}],"curies":[{"name":"wp","href":"https:\/\/api.w.org\/{rel}","templated":true}]}}

<p class="has-text-color has-link-color has-large-font-size wp-elements-95ce098d8dea9aad6b2bc4b904b31a5a" style="color:#097528a3"><strong>Herzlich willkommen in der Grundschule Zschortau</strong>!</p>



<hr class="wp-block-separator has-alpha-channel-opacity"/>



<p class="has-text-color has-link-color has-medium-font-size wp-elements-4d91fd478bc508fed25b8c17de4adf39" style="color:#9b4c4c">Ein neues Schuljahr beginnt &#8211; das sind unsere Klassen:</p>



<p class="has-blue-color has-text-color has-link-color has-medium-font-size wp-elements-efbebf0de4b4625d123711713d536aaf">Klasse 1:</p>



<p></p>



<p></p>



<p></p>



<p class="has-text-color has-link-color has-medium-font-size wp-elements-85a3c81f59fe52fd6e0827ba0e3f8347" style="color:#f90b0b">Klasse 2: </p>



<figure class="wp-block-image size-large"><img loading="lazy" decoding="async" width="1024" height="683" src="https://grundschule-zschortau.de/wp-content/uploads/2026/08/IMG_2864-1024x683.jpg" alt="" class="wp-image-9819" srcset="https://grundschule-zschortau.de/wp-content/uploads/2026/08/IMG_2864-1024x683.jpg 1024w, https://grundschule-zschortau.de/wp-content/uploads/2026/08/IMG_2864-300x200.jpg 300w, https://grundschule-zschortau.de/wp-content/uploads/2026/08/IMG_2864-768x512.jpg 768w, https://grundschule-zschortau.de/wp-content/uploads/2026/08/IMG_2864-1536x1024.jpg 1536w, https://grundschule-zschortau.de/wp-content/uploads/2026/08/IMG_2864-2048x1365.jpg 2048w, https://grundschule-zschortau.de/wp-content/uploads/2026/08/IMG_2864-450x300.jpg 450w" sizes="(max-width: 1024px) 100vw, 1024px" /></figure>



<p></p>



<p class="has-text-color has-link-color has-medium-font-size wp-elements-f3ca534d6fc1690a1f037be983101708" style="color:#54cd54">Klasse 3:</p>



<figure class="wp-block-image size-large"><img loading="lazy" decoding="async" width="1024" height="683" src="https://grundschule-zschortau.de/wp-content/uploads/2026/08/IMG_2860-1-1024x683.jpg" alt="" class="wp-image-9843" srcset="https://grundschule-zschortau.de/wp-content/uploads/2026/08/IMG_2860-1-1024x683.jpg 1024w, https://grundschule-zschortau.de/wp-content/uploads/2026/08/IMG_2860-1-300x200.jpg 300w, https://grundschule-zschortau.de/wp-content/uploads/2026/08/IMG_2860-1-768x512.jpg 768w, https://grundschule-zschortau.de/wp-content/uploads/2026/08/IMG_2860-1-1536x1024.jpg 1536w, https://grundschule-zschortau.de/wp-content/uploads/2026/08/IMG_2860-1-2048x1365.jpg 2048w, https://grundschule-zschortau.de/wp-content/uploads/2026/08/IMG_2860-1-450x300.jpg 450w" sizes="(max-width: 1024px) 100vw, 1024px" /></figure>



<p></p>



<p class="has-text-color has-link-color has-medium-font-size wp-elements-4c4a45275d482f3ffb22d013f6615eb8" style="color:#e2ee30">Klasse 4:</p>



<figure class="wp-block-gallery has-nested-images columns-default is-cropped wp-block-gallery-1 is-layout-flex wp-block-gallery-is-layout-flex">
<figure class="wp-block-image size-large"><img loading="lazy" decoding="async" width="1024" height="683" data-id="9831" src="https://grundschule-zschortau.de/wp-content/uploads/2026/08/IMG_2854-1-1024x683.jpg" alt="" class="wp-image-9831" srcset="https://grundschule-zschortau.de/wp-content/uploads/2026/08/IMG_2854-1-1024x683.jpg 1024w, https://grundschule-zschortau.de/wp-content/uploads/2026/08/IMG_2854-1-300x200.jpg 300w, https://grundschule-zschortau.de/wp-content/uploads/2026/08/IMG_2854-1-768x512.jpg 768w, https://grundschule-zschortau.de/wp-content/uploads/2026/08/IMG_2854-1-1536x1024.jpg 1536w, https://grundschule-zschortau.de/wp-content/uploads/2026/08/IMG_2854-1-2048x1365.jpg 2048w, https://grundschule-zschortau.de/wp-content/uploads/2026/08/IMG_2854-1-450x300.jpg 450w" sizes="(max-width: 1024px) 100vw, 1024px" /></figure>
</figure>



<p class="has-black-color has-text-color has-link-color wp-elements-2cc6b33fa5b651e80ba735e5dc58bff5"><br>Die <strong>Schuleinführung </strong>der neuen 1. Klasse fand bei herrlichem Sonnenschein und mit viel Publikum statt. Wir begrüßen alle Neuankömmlinge. Herzlich Willkommen an der Grundschule Zschortau! Vielen Dank an alle Kinder, welche beim Programm mitgemacht haben! </p>



<hr class="wp-block-separator has-alpha-channel-opacity"/>



<p>: <img loading="lazy" decoding="async" class="alignnone size-medium wp-image-8266" src="https://grundschule-zschortau.de/wp-content/uploads/2024/08/Sekretariat-gedreht-300x225.jpg" alt="" width="300" height="225" srcset="https://grundschule-zschortau.de/wp-content/uploads/2024/08/Sekretariat-gedreht-300x225.jpg 300w, https://grundschule-zschortau.de/wp-content/uploads/2024/08/Sekretariat-gedreht-1024x768.jpg 1024w, https://grundschule-zschortau.de/wp-content/uploads/2024/08/Sekretariat-gedreht-768x576.jpg 768w, https://grundschule-zschortau.de/wp-content/uploads/2024/08/Sekretariat-gedreht-1536x1152.jpg 1536w, https://grundschule-zschortau.de/wp-content/uploads/2024/08/Sekretariat-gedreht-2048x1536.jpg 2048w, https://grundschule-zschortau.de/wp-content/uploads/2024/08/Sekretariat-gedreht-400x300.jpg 400w" sizes="(max-width: 300px) 100vw, 300px" /></p>



<p><strong><span style="font-size: 18pt; color: #ff6600;">HORTINFORMATI</span><span style="color: #ff6600;"><span style="font-size: 18pt;">ONEN</span>:</span></strong></p>



<p><span style="font-size: 14pt; color: #ff0000;"><strong>1. Schließtage 2025</strong></span> &#8211; <strong>An folgenden Tagen findet keine Hortbetreuung statt:</strong>&nbsp;</p>



<p></p>



<ul class="wp-block-list">
<li><mark style="background-color:rgba(0, 0, 0, 0)" class="has-inline-color has-blue-color">Montag, den 29.09.2025</mark> pädagogischer Tag </li>



<li><mark style="background-color:rgba(0, 0, 0, 0)" class="has-inline-color has-blue-color">Schließzeit zwischen Weihnachten und Neujahr 24.12.2025 &#8211; 02.01.2026</mark></li>
</ul>



<p>Ihre Hortleitung L.Gertig (Stand 01.09.25)</p>



<p></p>

<p>Herzlich willkommen in der Grundschule Zschortau! Ein neues Schuljahr beginnt &#8211; das sind unsere Klassen: Klasse 1: Klasse 2: Klasse 3: Klasse 4: Die Schuleinführung der neuen 1. Klasse fand bei herrlichem Sonnenschein und mit viel Publikum statt. Wir begrüßen &hellip; <a href="https://grundschule-zschortau.de/">Weiterlesen <span class="meta-nav">&rarr;</span></a></p>
