{"id":29,"date":"2017-09-19T16:21:51","date_gmt":"2017-09-19T14:21:51","guid":{"rendered":"https:\/\/grundschulezschortau.de\/wordpress\/?page_id=29"},"modified":"2025-10-23T17:51:38","modified_gmt":"2025-10-23T15:51:38","slug":"foerderverein","status":"publish","type":"page","link":"https:\/\/grundschule-zschortau.de\/?page_id=29","title":{"rendered":"F\u00f6rderverein"},"content":{"rendered":"<p><img loading=\"lazy\" decoding=\"async\" class=\"wp-image-9347 aligncenter\" src=\"https:\/\/grundschule-zschortau.de\/wp-content\/uploads\/2025\/10\/Vorstand-2025-768x1024.jpg\" alt=\"\" width=\"478\" height=\"634\"><\/p>\n<p style=\"text-align: left;\">&nbsp; &nbsp; &nbsp; &nbsp; &nbsp; &nbsp; &nbsp; &nbsp; &nbsp; &nbsp; &nbsp; &nbsp; &nbsp; &nbsp; <strong>Am 22.10.2025 wurde der neue Vorstand gew\u00e4hlt.&nbsp;<\/strong><\/p>\n<p>Unsere n\u00e4chsten Aktivit\u00e4ten:<\/p>\n<ul>\n<li>Martinsfest 14.11.2025, 16.00 Uhr&nbsp;&nbsp;<\/li>\n<li>Zschortauer Weihnachtsmarkt&nbsp; 29.11.2025, 13.-18.00 Uhr&nbsp;<\/li>\n<li>Finanzierung des Adventskalenders f\u00fcr alle Klassen<\/li>\n<\/ul>\n<p><span style=\"color: #0000ff;\"><a style=\"color: #0000ff;\" href=\"https:\/\/grundschule-zschortau.de\/wp-content\/uploads\/2020\/09\/Aufnahmeantrag-Foerderverein-1.pdf\">* Link zum Aufnahmeantrag F\u00f6rderverein<\/a><\/span><\/p>\n<p>* <span style=\"color: #0000ff;\"><a style=\"color: #0000ff;\" href=\"https:\/\/grundschulezschortau-my.sharepoint.com\/:b:\/g\/personal\/kabbeck_grundschule-zschortau_de\/EQOD2tibj-BDnSw8xqg174IBfxljqlDg5WX2SgIhq0UBcw?e=VFeXub\">Link zur Satzung&nbsp;<\/a><\/span><\/p>\n","protected":false},"excerpt":{"rendered":"<p>&nbsp; &nbsp; &nbsp; &nbsp; &nbsp; &nbsp; &nbsp; &nbsp; &nbsp; &nbsp; &nbsp; &nbsp; &nbsp; &nbsp; Am 22.10.2025 wurde der neue Vorstand gew\u00e4hlt.&nbsp; Unsere n\u00e4chsten Aktivit\u00e4ten: Martinsfest 14.11.2025, 16.00 Uhr&nbsp;&nbsp; Zschortauer Weihnachtsmarkt&nbsp; 29.11.2025, 13.-18.00 Uhr&nbsp; Finanzierung des Adventskalenders f\u00fcr alle Klassen * &hellip; <a href=\"https:\/\/grundschule-zschortau.de\/?page_id=29\">Weiterlesen <span class=\"meta-nav\">&rarr;<\/span><\/a><\/p>\n","protected":false},"author":1,"featured_media":0,"parent":0,"menu_order":0,"comment_status":"closed","ping_status":"closed","template":"","meta":{"ngg_post_thumbnail":0,"footnotes":""},"class_list":["post-29","page","type-page","status-publish","hentry"],"_links":{"self":[{"href":"https:\/\/grundschule-zschortau.de\/index.php?rest_route=\/wp\/v2\/pages\/29"}],"collection":[{"href":"https:\/\/grundschule-zschortau.de\/index.php?rest_route=\/wp\/v2\/pages"}],"about":[{"href":"https:\/\/grundschule-zschortau.de\/index.php?rest_route=\/wp\/v2\/types\/page"}],"author":[{"embeddable":true,"href":"https:\/\/grundschule-zschortau.de\/index.php?rest_route=\/wp\/v2\/users\/1"}],"replies":[{"embeddable":true,"href":"https:\/\/grundschule-zschortau.de\/index.php?rest_route=%2Fwp%2Fv2%2Fcomments&post=29"}],"version-history":[{"count":4,"href":"https:\/\/grundschule-zschortau.de\/index.php?rest_route=\/wp\/v2\/pages\/29\/revisions"}],"predecessor-version":[{"id":9348,"href":"https:\/\/grundschule-zschortau.de\/index.php?rest_route=\/wp\/v2\/pages\/29\/revisions\/9348"}],"wp:attachment":[{"href":"https:\/\/grundschule-zschortau.de\/index.php?rest_route=%2Fwp%2Fv2%2Fmedia&parent=29"}],"curies":[{"name":"wp","href":"https:\/\/api.w.org\/{rel}","templated":true}]}}